igit of n?
3
Let a = 26 + -24. Suppose 5*k + 4*y = 1781, 0*k - a*y - 1073 = -3*k. What is the tens digit of k?
5
Let x be (-38)/(-4) - (-252)/(-168). Suppose 0 = -x*b + 16723 - 3763. What is the units digit of b?
0
Let g(w) = -890*w + 4960. What is the tens digit of g(-11)?
5
Let y(u) = -u + 28. Let n be y(24). Suppose -n*w - 602 = 230. Let z = w + 295. What is the units digit of z?
7
Let d(b) = 74*b**3 + 2*b**2 + 20*b + 131. What is the tens digit of d(8)?
0
Let x(c) = 27*c**2 + 4*c + 4. Let n be x(9). Suppose -n = 12*o - 7483. What is the tens digit of o?
3
Let z = 732 - 733. Suppose 5*u - 25 = 4*j, 4 = -2*j + 3*u - 7. What is the units digit of z + (-658)/(-10) + (-2)/j?
5
Let k = 1 - 7. What is the tens digit of (k/9)/(3/2358*-1)?
2
Let x(p) = 28*p**3 - 12*p**2 - 32*p - 30. What is the tens digit of x(9)?
2
Let j(m) = 3*m**2 + 98*m + 614. What is the units digit of j(-60)?
4
Suppose 44294 = 2*n - 2*w, 169*w - 167*w - 110735 = -5*n. What is the tens digit of n?
4
Let u(w) = -5*w**3 + 18*w**2 + 15*w + 25. Let z(q) = 6*q**3 - 19*q**2 - 16*q - 26. Let f(v) = -5*u(v) - 4*z(v). What is the tens digit of f(15)?
3
Suppose 17*m + m = 378. Suppose 12793 = -10*k + m*k. What is the hundreds digit of k?
1
Suppose 0 = -3*z - 2*x - 152, 3*z - 90*x + 136 = -88*x. Suppose 2*s = -s + 441. Let l = s + z. What is the tens digit of l?
9
Let t(j) = -1121*j - 1341. What is the units digit of t(-4)?
3
Suppose -472*u = -357*u - 4368275. What is the ten thousands digit of u?
3
Suppose -5*n + 117 = -78. Let a = 61 - 72. Let p = n - a. What is the units digit of p?
0
Let u be 1/(((-25)/(-5))/45). Suppose 0 = u*b + 96 - 3525. What is the hundreds digit of b?
3
Suppose 3*z - 7614 = -y + 40361, 2*y - 3*z - 95878 = 0. What is the units digit of y?
1
Suppose 0 = -5*o - 0*o, 3*o + 92 = 4*t. Let x = 25 - t. Suppose -x*f + 110 = -158. What is the units digit of f?
4
Suppose 4*p = -2*s + 97 + 135, 106 = 2*p - 4*s. Suppose 22 - p = -5*b. Suppose b*w - 175 = 2*w. What is the units digit of w?
5
Let t = 301 + -132. Suppose -t = -2*m + 155. What is the hundreds digit of m?
1
Let c(j) = -2*j**3 + 11*j**2 + 94*j - 7. Let k be c(-6). Let g = k + -135. What is the tens digit of g?
2
Let y = 2734 - 1638. What is the thousands digit of y?
1
Let c = -32692 + 56622. What is the hundreds digit of c?
9
Let o be 1*((-3357)/(-2))/(-9)*-2. Let p = -196 + o. What is the hundreds digit of p?
1
Suppose -204*j + 240 = -209*j. What is the tens digit of 4 + 2325/2*j/(-72)?
7
Suppose 0 = 331*w - 327*w - 8. Let z = 18 + -13. Suppose z*k + p = -2*p + 89, w*p = -3*k + 54. What is the tens digit of k?
1
Let h = 239 + -253. Let s(m) = m**2 + 14*m + 16. What is the units digit of s(h)?
6
Let f = 2847 - -22339. What is the tens digit of f?
8
Suppose h - 471 = m, 2*h - 2*m - 474 = h. What is the hundreds digit of h?
4
Let d(q) = -q**2 + 13*q - 13. Suppose 4*w + 35 = 83. Let c be d(w). What is the tens digit of (-1 + c/(-2))*4488/(-44)?
5
Let y = -3 - 3. Let o(w) be the second derivative of w**4/6 - 13*w**3/6 - 2*w**2 + 65*w. What is the hundreds digit of o(y)?
1
Suppose 4*z = 4*k + 2024, 0 = -z - 0*k - k + 502. Suppose -5*a - 25 = 0, -3*b + b - 2*a = -8. Suppose 2*x = b*x - z. What is the units digit of x?
2
Suppose -q + 5*i - 2*i = 0, 2*i = -5*q. Let s(o) = -o**2 + 6*o - 15. Let b be s(q). What is the tens digit of 1068/9 + (-20)/b?
2
Let r be 17 - (0 - (-2)/2). Let t = -5678 - -5680. Suppose 3*f = -s + 2*f + 4, -s + t*f = -r. What is the units digit of s?
8
Let y = -103 - -5. Let j = 97 + y. Let z(u) = 66*u**2 - 1. What is the tens digit of z(j)?
6
Let s(x) = 2*x**3 + 15*x**2 + 9*x - 20. Let m be s(-6). Suppose -m = -o + 102. What is the tens digit of o?
3
Let p = 94 + 54. Suppose 352 = 4*u - p. Suppose 0 = -3*n + 64 + u. What is the tens digit of n?
6
What is the hundreds digit of 48/112*77/(-11) + 49383?
3
Suppose 3*i = 50*u - 53*u + 15714, 0 = i + 5. What is the thousands digit of u?
5
Suppose 0 = -9*r + 4*r + 5*v + 10, 15 = 3*v. Suppose -15 = -5*t, -r*z - t = -12*z + 672. What is the units digit of z?
5
Suppose 3*k = -0*k + 3*i + 1131, 0 = k + 4*i - 367. What is the tens digit of k*(-3 + -2 - -6)?
7
What is the thousands digit of (-2 + 8/(-4))/1 - (7 + -7517)?
7
Let v(f) = -3*f - 11*f**3 - f**3 - 41*f**2 + 39*f**2 - 2*f**3. What is the units digit of v(-3)?
9
Suppose -4*b = -4, -4*b - 46953 = -2*w - 8363. What is the tens digit of w?
9
Suppose 110*m - 131*m + 168 = 0. What is the units digit of m/2 + (-24)/(-3)*75?
4
Let g = -659 + 459. Let f = g - -1116. What is the tens digit of f?
1
Let f(p) = 3*p + 7. Let n be f(-2). Let i be 36/(-3) - (-1)/(n/3). What is the units digit of 5 + i - 7*-5?
1
Suppose -2*y = 13 - 5, u - 6 = y. Suppose -4*m + 4265 = k + u*k, -2*k = 3*m - 3200. What is the thousands digit of m?
1
Suppose 2*y + 2*y = 1548. Suppose 4*s - 23 + y = 0. Let l = 5 - s. What is the units digit of l?
6
Let w(q) = q**3 - 2*q**2 - 3*q + 635. Let p be w(0). Suppose -3*g - 637 = -2*i, -2*i + 10*g - 9*g + p = 0. What is the units digit of i?
7
Let b(p) = p + 11. Let g be b(-4). Suppose g*i = 307 + 428. What is the units digit of i?
5
Let w = -491 + 821. Let a be (w/20)/((-2)/(-4)). Let k = -32 + a. What is the units digit of k?
1
Suppose -3910 = -48*i + 46*i. Suppose 12*b = 7*b + i. What is the hundreds digit of b?
3
Let q = 5358 - 1410. What is the hundreds digit of q?
9
Let a(t) = -33*t - 25. Let c be a(-5). Suppose -c = 2*n - 756. What is the units digit of n?
8
Let y = -1 + 0. Let d be (-4)/(-3 - (3 - 8)). What is the tens digit of d + (3 - y) + (-1 - -73)?
7
Let d(r) = -r**2 + 77*r - 162. Let b be d(43). Suppose b = 2*x - 504. What is the hundreds digit of x?
9
Suppose 0 = g + 1, -g - 79 = -5*j + 222. Suppose -4*q + 2 = -19*s + 20*s, 3*s + 74 = 4*q. Let z = j - s. What is the tens digit of z?
7
Suppose 3*m = 1 - 7, 5*m = 5*v - 220. Suppose v*l - 44*l = -1254. What is the units digit of l?
7
Let a = 147 + -143. Suppose -a*t = -t - 1137. What is the hundreds digit of t?
3
Let b be ((-14)/42)/(2/(-78)). Suppose 16*m = b*m + 15. Suppose m*a = a + 628. What is the tens digit of a?
5
Suppose -60*o - 278 = -1598. Suppose 29*i - o*i - 5502 = 0. What is the tens digit of i?
8
Suppose 2*n - 4*p = 196, 4*n - 14 = 2*p + 354. Let v = n - 92. What is the units digit of (407/55)/(((-4)/10)/v)?
7
Let t(y) be the second derivative of -5*y**3/2 + 3*y**2/2 + 7*y. Let k be t(-3). Suppose 2*r + k = 5*r. What is the tens digit of r?
1
Let n be 4/14 - 9252/42. Let s be 2*(-3)/(-15) + (-2076)/15. Let m = s - n. What is the units digit of m?
2
Let t(m) = -m - 25. Let d(v) = -2*v - 19. Let c be d(-15). Let g be t(c). Let f = 48 + g. What is the tens digit of f?
1
Let h(j) be the third derivative of j**6/120 - j**5/12 - j**4/8 - 2*j**3/3 - 7*j**2. Let n be h(8). What is the tens digit of n/(-6)*-1 + 2/(-6)?
2
Suppose -29*s = -32*s - 15, 0 = t + 4*s - 10571. What is the tens digit of t?
9
What is the thousands digit of -12*(-3 - (-927)/(-6))?
1
Let y(q) = 36*q**2 - 8*q - 59. What is the hundreds digit of y(10)?
4
Let l = -48 - -48. Suppose -165 = -5*v - 5*n, -3*v + l*n = -4*n - 99. Suppose u = 33 + v. What is the tens digit of u?
6
Suppose -4*c + 13*c = 18. Let m(r) = 0*r + 2 + 15*r**2 + 3*r - 14*r**c + 37*r**2. What is the hundreds digit of m(2)?
1
Suppose -5*f = -2*r + 7299, -40*f = -5*r - 38*f + 18216. Let a = r - 2267. What is the thousands digit of a?
1
Suppose -3*b = 2 - 8. Let s(q) = -q**3 - 10*q**2 + 13*q + 27. Let t be s(-11). Suppose -b*p + 0*a = 2*a - 58, -t*p = 2*a - 157. What is the tens digit of p?
3
Suppose -910 + 350 = 10*z. Let p = z + 58. Suppose 3*v - v + p*f = 284, 139 = v + 2*f. What is the units digit of v?
5
Let q be 16/4 - -6*(-4)/12. Suppose q*v = 2*p - 718, -1 - 4 = v. What is the tens digit of p?
5
What is the units digit of ((-212444)/(-865))/((-36)/(-35) - 1)?
6
What is the units digit of -1014*-4*((-57)/48 - 0)*-2?
3
Suppose -2*s + 92 = 2*t, 3*t = 5*t + 5*s - 95. What is the units digit of 8464/30 - 6/t?
2
Let o(l) = -5*l**2 + 236*l - 35. What is the thousands digit of o(27)?
2
What is the units digit of (64/48)/(3/9162)?
2
Let i(y) = -2718*y + 78423. What is the units digit of i(0)?
3
Let l(b) = 4*b**2 + 22*b + 901. What is the thousands digit of l(67)?
0
Let u be (-13)/((-26)/11032) + 4